factors of 15155.
5, 7, 433
List the prime factors of 1487.
1487
What are the prime factors of 3750?
2, 3, 5
List the prime factors of 89083.
89083
What are the prime factors of 35631?
3, 37, 107
What are the prime factors of 71958?
2, 3, 67, 179
What are the prime factors of 3311?
7, 11, 43
What are the prime factors of 77409?
3, 47, 61
What are the prime factors of 282?
2, 3, 47
List the prime factors of 18084.
2, 3, 11, 137
List the prime factors of 45226.
2, 22613
What are the prime factors of 11523?
3, 23, 167
What are the prime factors of 10474?
2, 5237
List the prime factors of 2546.
2, 19, 67
List the prime factors of 44509.
47, 947
What are the prime factors of 5853?
3, 1951
List the prime factors of 7036.
2, 1759
List the prime factors of 30204.
2, 3, 839
List the prime factors of 14404.
2, 13, 277
What are the prime factors of 4400?
2, 5, 11
List the prime factors of 5602.
2, 2801
List the prime factors of 688.
2, 43
List the prime factors of 4745.
5, 13, 73
List the prime factors of 39335.
5, 7867
What are the prime factors of 31013?
31013
List the prime factors of 866.
2, 433
What are the prime factors of 5929?
7, 11
List the prime factors of 83253.
3, 27751
What are the prime factors of 20673?
3, 2297
List the prime factors of 7340.
2, 5, 367
List the prime factors of 24548.
2, 17, 19
What are the prime factors of 167603?
17, 9859
What are the prime factors of 728?
2, 7, 13
What are the prime factors of 866?
2, 433
List the prime factors of 2057.
11, 17
What are the prime factors of 38707?
38707
List the prime factors of 96249.
3, 32083
List the prime factors of 4032.
2, 3, 7
List the prime factors of 84071.
13, 29, 223
List the prime factors of 38598.
2, 3, 7, 919
What are the prime factors of 52602?
2, 3, 11, 797
What are the prime factors of 36490?
2, 5, 41, 89
List the prime factors of 67512.
2, 3, 29, 97
List the prime factors of 1634.
2, 19, 43
List the prime factors of 6964.
2, 1741
List the prime factors of 2810.
2, 5, 281
What are the prime factors of 26514?
2, 3, 491
What are the prime factors of 6728?
2, 29
List the prime factors of 23241.
3, 61, 127
List the prime factors of 535.
5, 107
What are the prime factors of 12405?
3, 5, 827
List the prime factors of 7532.
2, 7, 269
List the prime factors of 30700.
2, 5, 307
List the prime factors of 30.
2, 3, 5
What are the prime factors of 9836?
2, 2459
List the prime factors of 3906.
2, 3, 7, 31
List the prime factors of 175832.
2, 31, 709
What are the prime factors of 6253?
13, 37
What are the prime factors of 116679?
3, 19, 23, 89
List the prime factors of 6892.
2, 1723
List the prime factors of 6925.
5, 277
What are the prime factors of 6249?
3, 2083
List the prime factors of 843.
3, 281
List the prime factors of 1509.
3, 503
What are the prime factors of 3318?
2, 3, 7, 79
List the prime factors of 6252.
2, 3, 521
List the prime factors of 1188.
2, 3, 11
What are the prime factors of 3543?
3, 1181
List the prime factors of 740.
2, 5, 37
What are the prime factors of 10048?
2, 157
What are the prime factors of 362?
2, 181
What are the prime factors of 7108?
2, 1777
List the prime factors of 116.
2, 29
What are the prime factors of 12614?
2, 7, 17, 53
List the prime factors of 100094.
2, 50047
What are the prime factors of 25974?
2, 3, 13, 37
What are the prime factors of 81997?
167, 491
List the prime factors of 14335.
5, 47, 61
List the prime factors of 90627.
3, 17, 1777
What are the prime factors of 312?
2, 3, 13
List the prime factors of 185.
5, 37
What are the prime factors of 933?
3, 311
What are the prime factors of 1000?
2, 5
What are the prime factors of 106597?
37, 43, 67
List the prime factors of 7061.
23, 307
What are the prime factors of 13004?
2, 3251
List the prime factors of 31060.
2, 5, 1553
What are the prime factors of 18255?
3, 5, 1217
List the prime factors of 6348.
2, 3, 23
What are the prime factors of 3890?
2, 5, 389
What are the prime factors of 825?
3, 5, 11
List the prime factors of 9810.
2, 3, 5, 109
List the prime factors of 11943.
3, 1327
What are the prime factors of 126?
2, 3, 7
List the prime factors of 857.
857
What are the prime factors of 12082?
2, 7, 863
What are the prime factors of 39755?
5, 7951
What are the prime factors of 12002?
2, 17, 353
List the prime factors of 276.
2, 3, 23
What are the prime factors of 471?
3, 157
What are the prime factors of 1200?
2, 3, 5
What are the prime factors of 5013?
3, 557
What are the prime factors of 41?
41
List the prime factors of 1619.
1619
List the prime factors of 1654.
2, 827
What are the prime factors of 41314?
2, 7, 13, 227
List the prime factors of 5504.
2, 43
What are the prime factors of 269?
269
List the prime factors of 591.
3, 197
What are the prime factors of 8382?
2, 3, 11, 127
List the prime factors of 10622.
2, 47, 113
What are the prime factors of 2278?
2, 17, 67
List the prime factors of 64072.
2, 8009
List the prime factors of 1869.
3, 7, 89
List the prime factors of 173.
173
What are the prime factors of 16454?
2, 19, 433
What are the prime factors of 29400?
2, 3, 5, 7
List the prime factors of 58638.
2, 3, 29, 337
List the prime factors of 1033.
1033
List the prime factors of 67967.
67967
List the prime factors of 1840.
2, 5, 23
List the prime factors of 147388.
2, 36847
What are the prime factors of 34934?
2, 17467
List the prime factors of 19050.
2, 3, 5, 127
What are the prime factors of 8501?
8501
List the prime factors of 1117.
1117
What are the prime factors of 898?
2, 449
What are the prime factors of 914?
2, 457
List the prime factors of 29498.
2, 7, 43
What are the prime factors of 2404?
2, 601
What are the prime factors of 954?
2, 3, 53
List the prime factors of 1704.
2, 3, 71
List the prime factors of 6570.
2, 3, 5, 73
What are the prime factors of 58065?
3, 5, 7, 79
List the prime factors of 49408.
2, 193
What are the prime factors of 22762?
2, 19, 599
What are the prime factors of 35942?
2, 17971
What are the prime factors of 31691?
11, 43, 67
What are the prime factors of 1988?
2, 7, 71
List the prime factors of 1042.
2, 521
What are the prime factors of 38648?
2, 4831
List the prime factors of 149.
149
What are the prime factors of 3966?
2, 3, 661
List the prime factors of 3967.
3967
List the prime factors of 164388.
2, 3, 7, 19, 103
List the prime factors of 409.
409
What are the prime factors of 3630?
2, 3, 5, 11
List the prime factors of 65065.
5, 7, 11, 13
List the prime factors of 960.
2, 3, 5
List the prime factors of 1276.
2, 11, 29
List the prime factors of 1415.
5, 283
List the prime factors of 6779.
6779
List the prime factors of 5550.
2, 3, 5, 37
What are the prime factors of 13367?
13367
List the prime factors of 1858.
2, 929
List the prime factors of 9173.
9173
What are the prime factors of 8613?
3, 11, 29
What are the prime factors of 567?
3, 7
List the prime factors of 585.
3, 5, 13
What are the prime factors of 55232?
2, 863
What are the prime factors of 26071?
29, 31
What are the prime factors of 233?
233
What are the prime factors of 1104?
2, 3, 23
What are the prime factors of 823?
823
List the prime factors of 3933.
3, 19, 23
List the prime factors of 18592.
2, 7, 83
What are the prime factors of 45?
3, 5
What are the prime factors of 1553?
1553
List the prime factors of 3341.
13, 257
List the prime factors of 34244.
2, 7, 1223
List the prime factors of 168.
2, 3, 7
What are the prime factors of 30948?
2, 3, 2579
What are the prime factors of 2999?
2999
List the prime factors of 31432.
2, 3929
List the prime factors of 61010.
2, 5, 6101
What are the prime factors of 2194?
2, 1097
List the prime factors of 33553.
13, 29, 89
What are the prime factors of 15395?
5, 3079
List the prime factors of 7375.
5, 59
What are the prime factors of 1173?
3, 17, 23
List the prime factors of 19926.
2, 3, 41
List the prime factors of 350.
2, 5, 7
List the prime factors of 139832.
2, 7, 11, 227
List the prime factors of 21298.
2, 23, 463
List the prime factors of 2185.
5, 19, 23
List the prime factors of 37998.
2, 3, 2111
List the prime factors of 9589.
43, 223
What are the prime factors of 74798?
2, 149, 251
List the prime factors of 5676.
2, 3, 11, 43
What are the prime factors of 1081?
23, 47
What are the prime factors of 120235?
5, 139, 173
What ar